{"id":13041,"date":"2026-03-17T10:30:18","date_gmt":"2026-03-17T13:30:18","guid":{"rendered":"https:\/\/ruslat.com.br\/?post_type=membro&#038;p=13041"},"modified":"2026-03-17T10:34:05","modified_gmt":"2026-03-17T13:34:05","slug":"debora-vitoria-do-amaral-vidal","status":"publish","type":"membro","link":"https:\/\/ruslat.com.br\/index.php\/membro\/debora-vitoria-do-amaral-vidal\/","title":{"rendered":"D\u00e9bora Vit\u00f3ria do Amaral Vidal"},"content":{"rendered":"\n<p>D\u00e9bora Vit\u00f3ria do Amaral Vidal \u00e9 graduanda de Rela\u00e7\u00f5es Internacionais pela PUC-Minas, atua como<br>bolsista de inicia\u00e7\u00e3o cient\u00edfica do observat\u00f3rio RUS-LAT e como volunt\u00e1ria no projeto FIP:<br>Contesta\u00e7\u00e3o Normativa: a Am\u00e9rica Latina diante da crise da Ordem Internacional Liberal. Tamb\u00e9m<br>foi parte de projetos de extens\u00e3o e pesquisa do CEFET-MG de 2022-2024, e atuou como volunt\u00e1ria<br>do projeto de voluntariado da UNICEF Brasil #tmjUNICEF em 2024. Seu Curr\u00edculo Lattes pode ser<br>encontrado em: <a href=\"https:\/\/lattes.cnpq.br\/6875002653000589\">https:\/\/lattes.cnpq.br\/6875002653000589<\/a>.<\/p>\n","protected":false},"featured_media":13045,"menu_order":30,"template":"","meta":{"_acf_changed":false,"_eb_attr":""},"class_list":["post-13041","membro","type-membro","status-publish","has-post-thumbnail","hentry"],"acf":[],"yoast_head":"<!-- This site is optimized with the Yoast SEO plugin v27.5 - https:\/\/yoast.com\/product\/yoast-seo-wordpress\/ -->\n<title>D\u00e9bora Vit\u00f3ria do Amaral Vidal - Observat\u00f3rio R\u00fassia-Am\u00e9rica Latina<\/title>\n<meta name=\"robots\" content=\"index, follow, max-snippet:-1, max-image-preview:large, max-video-preview:-1\" \/>\n<link rel=\"canonical\" href=\"https:\/\/ruslat.com.br\/index.php\/membro\/debora-vitoria-do-amaral-vidal\/\" \/>\n<meta property=\"og:locale\" content=\"pt_BR\" \/>\n<meta property=\"og:type\" content=\"article\" \/>\n<meta property=\"og:title\" content=\"D\u00e9bora Vit\u00f3ria do Amaral Vidal - Observat\u00f3rio R\u00fassia-Am\u00e9rica Latina\" \/>\n<meta property=\"og:description\" content=\"D\u00e9bora Vit\u00f3ria do Amaral Vidal \u00e9 graduanda de Rela\u00e7\u00f5es Internacionais pela PUC-Minas, atua comobolsista de inicia\u00e7\u00e3o cient\u00edfica do observat\u00f3rio RUS-LAT e como volunt\u00e1ria no projeto FIP:Contesta\u00e7\u00e3o Normativa: a Am\u00e9rica Latina diante da crise da Ordem Internacional Liberal. Tamb\u00e9mfoi parte de projetos de extens\u00e3o e pesquisa do CEFET-MG de 2022-2024, e atuou como volunt\u00e1riado projeto de [&hellip;]\" \/>\n<meta property=\"og:url\" content=\"https:\/\/ruslat.com.br\/index.php\/membro\/debora-vitoria-do-amaral-vidal\/\" \/>\n<meta property=\"og:site_name\" content=\"Observat\u00f3rio R\u00fassia-Am\u00e9rica Latina\" \/>\n<meta property=\"article:modified_time\" content=\"2026-03-17T13:34:05+00:00\" \/>\n<meta property=\"og:image\" content=\"https:\/\/ruslat.com.br\/wp-content\/uploads\/2026\/03\/debora-vidal.jpeg\" \/>\n\t<meta property=\"og:image:width\" content=\"1015\" \/>\n\t<meta property=\"og:image:height\" content=\"761\" \/>\n\t<meta property=\"og:image:type\" content=\"image\/jpeg\" \/>\n<meta name=\"twitter:card\" content=\"summary_large_image\" \/>\n<meta name=\"twitter:label1\" content=\"Est. tempo de leitura\" \/>\n\t<meta name=\"twitter:data1\" content=\"1 minuto\" \/>\n<script type=\"application\/ld+json\" class=\"yoast-schema-graph\">{\"@context\":\"https:\\\/\\\/schema.org\",\"@graph\":[{\"@type\":\"WebPage\",\"@id\":\"https:\\\/\\\/ruslat.com.br\\\/index.php\\\/membro\\\/debora-vitoria-do-amaral-vidal\\\/\",\"url\":\"https:\\\/\\\/ruslat.com.br\\\/index.php\\\/membro\\\/debora-vitoria-do-amaral-vidal\\\/\",\"name\":\"D\u00e9bora Vit\u00f3ria do Amaral Vidal - Observat\u00f3rio R\u00fassia-Am\u00e9rica Latina\",\"isPartOf\":{\"@id\":\"https:\\\/\\\/ruslat.com.br\\\/#website\"},\"primaryImageOfPage\":{\"@id\":\"https:\\\/\\\/ruslat.com.br\\\/index.php\\\/membro\\\/debora-vitoria-do-amaral-vidal\\\/#primaryimage\"},\"image\":{\"@id\":\"https:\\\/\\\/ruslat.com.br\\\/index.php\\\/membro\\\/debora-vitoria-do-amaral-vidal\\\/#primaryimage\"},\"thumbnailUrl\":\"https:\\\/\\\/ruslat.com.br\\\/wp-content\\\/uploads\\\/2026\\\/03\\\/debora-vidal.jpeg\",\"datePublished\":\"2026-03-17T13:30:18+00:00\",\"dateModified\":\"2026-03-17T13:34:05+00:00\",\"breadcrumb\":{\"@id\":\"https:\\\/\\\/ruslat.com.br\\\/index.php\\\/membro\\\/debora-vitoria-do-amaral-vidal\\\/#breadcrumb\"},\"inLanguage\":\"pt-BR\",\"potentialAction\":[{\"@type\":\"ReadAction\",\"target\":[\"https:\\\/\\\/ruslat.com.br\\\/index.php\\\/membro\\\/debora-vitoria-do-amaral-vidal\\\/\"]}]},{\"@type\":\"ImageObject\",\"inLanguage\":\"pt-BR\",\"@id\":\"https:\\\/\\\/ruslat.com.br\\\/index.php\\\/membro\\\/debora-vitoria-do-amaral-vidal\\\/#primaryimage\",\"url\":\"https:\\\/\\\/ruslat.com.br\\\/wp-content\\\/uploads\\\/2026\\\/03\\\/debora-vidal.jpeg\",\"contentUrl\":\"https:\\\/\\\/ruslat.com.br\\\/wp-content\\\/uploads\\\/2026\\\/03\\\/debora-vidal.jpeg\",\"width\":1015,\"height\":761},{\"@type\":\"BreadcrumbList\",\"@id\":\"https:\\\/\\\/ruslat.com.br\\\/index.php\\\/membro\\\/debora-vitoria-do-amaral-vidal\\\/#breadcrumb\",\"itemListElement\":[{\"@type\":\"ListItem\",\"position\":1,\"name\":\"In\u00edcio\",\"item\":\"https:\\\/\\\/ruslat.com.br\\\/\"},{\"@type\":\"ListItem\",\"position\":2,\"name\":\"D\u00e9bora Vit\u00f3ria do Amaral Vidal\"}]},{\"@type\":\"WebSite\",\"@id\":\"https:\\\/\\\/ruslat.com.br\\\/#website\",\"url\":\"https:\\\/\\\/ruslat.com.br\\\/\",\"name\":\"Observat\u00f3rio R\u00fassia-Am\u00e9rica Latina\",\"description\":\"\",\"potentialAction\":[{\"@type\":\"SearchAction\",\"target\":{\"@type\":\"EntryPoint\",\"urlTemplate\":\"https:\\\/\\\/ruslat.com.br\\\/?s={search_term_string}\"},\"query-input\":{\"@type\":\"PropertyValueSpecification\",\"valueRequired\":true,\"valueName\":\"search_term_string\"}}],\"inLanguage\":\"pt-BR\"}]}<\/script>\n<!-- \/ Yoast SEO plugin. -->","yoast_head_json":{"title":"D\u00e9bora Vit\u00f3ria do Amaral Vidal - Observat\u00f3rio R\u00fassia-Am\u00e9rica Latina","robots":{"index":"index","follow":"follow","max-snippet":"max-snippet:-1","max-image-preview":"max-image-preview:large","max-video-preview":"max-video-preview:-1"},"canonical":"https:\/\/ruslat.com.br\/index.php\/membro\/debora-vitoria-do-amaral-vidal\/","og_locale":"pt_BR","og_type":"article","og_title":"D\u00e9bora Vit\u00f3ria do Amaral Vidal - Observat\u00f3rio R\u00fassia-Am\u00e9rica Latina","og_description":"D\u00e9bora Vit\u00f3ria do Amaral Vidal \u00e9 graduanda de Rela\u00e7\u00f5es Internacionais pela PUC-Minas, atua comobolsista de inicia\u00e7\u00e3o cient\u00edfica do observat\u00f3rio RUS-LAT e como volunt\u00e1ria no projeto FIP:Contesta\u00e7\u00e3o Normativa: a Am\u00e9rica Latina diante da crise da Ordem Internacional Liberal. Tamb\u00e9mfoi parte de projetos de extens\u00e3o e pesquisa do CEFET-MG de 2022-2024, e atuou como volunt\u00e1riado projeto de [&hellip;]","og_url":"https:\/\/ruslat.com.br\/index.php\/membro\/debora-vitoria-do-amaral-vidal\/","og_site_name":"Observat\u00f3rio R\u00fassia-Am\u00e9rica Latina","article_modified_time":"2026-03-17T13:34:05+00:00","og_image":[{"width":1015,"height":761,"url":"https:\/\/ruslat.com.br\/wp-content\/uploads\/2026\/03\/debora-vidal.jpeg","type":"image\/jpeg"}],"twitter_card":"summary_large_image","twitter_misc":{"Est. tempo de leitura":"1 minuto"},"schema":{"@context":"https:\/\/schema.org","@graph":[{"@type":"WebPage","@id":"https:\/\/ruslat.com.br\/index.php\/membro\/debora-vitoria-do-amaral-vidal\/","url":"https:\/\/ruslat.com.br\/index.php\/membro\/debora-vitoria-do-amaral-vidal\/","name":"D\u00e9bora Vit\u00f3ria do Amaral Vidal - Observat\u00f3rio R\u00fassia-Am\u00e9rica Latina","isPartOf":{"@id":"https:\/\/ruslat.com.br\/#website"},"primaryImageOfPage":{"@id":"https:\/\/ruslat.com.br\/index.php\/membro\/debora-vitoria-do-amaral-vidal\/#primaryimage"},"image":{"@id":"https:\/\/ruslat.com.br\/index.php\/membro\/debora-vitoria-do-amaral-vidal\/#primaryimage"},"thumbnailUrl":"https:\/\/ruslat.com.br\/wp-content\/uploads\/2026\/03\/debora-vidal.jpeg","datePublished":"2026-03-17T13:30:18+00:00","dateModified":"2026-03-17T13:34:05+00:00","breadcrumb":{"@id":"https:\/\/ruslat.com.br\/index.php\/membro\/debora-vitoria-do-amaral-vidal\/#breadcrumb"},"inLanguage":"pt-BR","potentialAction":[{"@type":"ReadAction","target":["https:\/\/ruslat.com.br\/index.php\/membro\/debora-vitoria-do-amaral-vidal\/"]}]},{"@type":"ImageObject","inLanguage":"pt-BR","@id":"https:\/\/ruslat.com.br\/index.php\/membro\/debora-vitoria-do-amaral-vidal\/#primaryimage","url":"https:\/\/ruslat.com.br\/wp-content\/uploads\/2026\/03\/debora-vidal.jpeg","contentUrl":"https:\/\/ruslat.com.br\/wp-content\/uploads\/2026\/03\/debora-vidal.jpeg","width":1015,"height":761},{"@type":"BreadcrumbList","@id":"https:\/\/ruslat.com.br\/index.php\/membro\/debora-vitoria-do-amaral-vidal\/#breadcrumb","itemListElement":[{"@type":"ListItem","position":1,"name":"In\u00edcio","item":"https:\/\/ruslat.com.br\/"},{"@type":"ListItem","position":2,"name":"D\u00e9bora Vit\u00f3ria do Amaral Vidal"}]},{"@type":"WebSite","@id":"https:\/\/ruslat.com.br\/#website","url":"https:\/\/ruslat.com.br\/","name":"Observat\u00f3rio R\u00fassia-Am\u00e9rica Latina","description":"","potentialAction":[{"@type":"SearchAction","target":{"@type":"EntryPoint","urlTemplate":"https:\/\/ruslat.com.br\/?s={search_term_string}"},"query-input":{"@type":"PropertyValueSpecification","valueRequired":true,"valueName":"search_term_string"}}],"inLanguage":"pt-BR"}]}},"jetpack_sharing_enabled":true,"_links":{"self":[{"href":"https:\/\/ruslat.com.br\/index.php\/wp-json\/wp\/v2\/membro\/13041","targetHints":{"allow":["GET"]}}],"collection":[{"href":"https:\/\/ruslat.com.br\/index.php\/wp-json\/wp\/v2\/membro"}],"about":[{"href":"https:\/\/ruslat.com.br\/index.php\/wp-json\/wp\/v2\/types\/membro"}],"wp:featuredmedia":[{"embeddable":true,"href":"https:\/\/ruslat.com.br\/index.php\/wp-json\/wp\/v2\/media\/13045"}],"wp:attachment":[{"href":"https:\/\/ruslat.com.br\/index.php\/wp-json\/wp\/v2\/media?parent=13041"}],"curies":[{"name":"wp","href":"https:\/\/api.w.org\/{rel}","templated":true}]}}

Débora Vitória do Amaral Vidal

<p>Débora Vitória do Amaral Vidal é graduanda de Relações Internacionais pela PUC-Minas, atua como<br>bolsista de iniciação científica do observatório RUS-LAT e como voluntária no projeto FIP:<br>Contestação Normativa: a América Latina diante da crise da Ordem Internacional Liberal. Também<br>foi parte de projetos de extensão e pesquisa do CEFET-MG de 2022-2024, e atuou como voluntária<br>do projeto de voluntariado da UNICEF Brasil #tmjUNICEF em 2024. Seu Currículo Lattes pode ser<br>encontrado em: <a href="https://lattes.cnpq.br/6875002653000589">https://lattes.cnpq.br/6875002653000589</a>.</p>

<!-- This site is optimized with the Yoast SEO plugin v27.5 - https://yoast.com/product/yoast-seo-wordpress/ -->
<title>Débora Vitória do Amaral Vidal - Observatório Rússia-América Latina</title>
<meta name="robots" content="index, follow, max-snippet:-1, max-image-preview:large, max-video-preview:-1" />
<link rel="canonical" href="https://ruslat.com.br/index.php/membro/debora-vitoria-do-amaral-vidal/" />
<meta property="og:locale" content="pt_BR" />
<meta property="og:type" content="article" />
<meta property="og:title" content="Débora Vitória do Amaral Vidal - Observatório Rússia-América Latina" />
<meta property="og:description" content="Débora Vitória do Amaral Vidal é graduanda de Relações Internacionais pela PUC-Minas, atua comobolsista de iniciação científica do observatório RUS-LAT e como voluntária no projeto FIP:Contestação Normativa: a América Latina diante da crise da Ordem Internacional Liberal. Tambémfoi parte de projetos de extensão e pesquisa do CEFET-MG de 2022-2024, e atuou como voluntáriado projeto de [&hellip;]" />
<meta property="og:url" content="https://ruslat.com.br/index.php/membro/debora-vitoria-do-amaral-vidal/" />
<meta property="og:site_name" content="Observatório Rússia-América Latina" />
<meta property="article:modified_time" content="2026-03-17T13:34:05+00:00" />
<meta property="og:image" content="https://ruslat.com.br/wp-content/uploads/2026/03/debora-vidal.jpeg" />
	<meta property="og:image:width" content="1015" />
	<meta property="og:image:height" content="761" />
	<meta property="og:image:type" content="image/jpeg" />
<meta name="twitter:card" content="summary_large_image" />
<meta name="twitter:label1" content="Est. tempo de leitura" />
	<meta name="twitter:data1" content="1 minuto" />
<script type="application/ld+json" class="yoast-schema-graph">{"@context":"https:\/\/schema.org","@graph":[{"@type":"WebPage","@id":"https:\/\/ruslat.com.br\/index.php\/membro\/debora-vitoria-do-amaral-vidal\/","url":"https:\/\/ruslat.com.br\/index.php\/membro\/debora-vitoria-do-amaral-vidal\/","name":"Débora Vitória do Amaral Vidal - Observatório Rússia-América Latina","isPartOf":{"@id":"https:\/\/ruslat.com.br\/#website"},"primaryImageOfPage":{"@id":"https:\/\/ruslat.com.br\/index.php\/membro\/debora-vitoria-do-amaral-vidal\/#primaryimage"},"image":{"@id":"https:\/\/ruslat.com.br\/index.php\/membro\/debora-vitoria-do-amaral-vidal\/#primaryimage"},"thumbnailUrl":"https:\/\/ruslat.com.br\/wp-content\/uploads\/2026\/03\/debora-vidal.jpeg","datePublished":"2026-03-17T13:30:18+00:00","dateModified":"2026-03-17T13:34:05+00:00","breadcrumb":{"@id":"https:\/\/ruslat.com.br\/index.php\/membro\/debora-vitoria-do-amaral-vidal\/#breadcrumb"},"inLanguage":"pt-BR","potentialAction":[{"@type":"ReadAction","target":["https:\/\/ruslat.com.br\/index.php\/membro\/debora-vitoria-do-amaral-vidal\/"]}]},{"@type":"ImageObject","inLanguage":"pt-BR","@id":"https:\/\/ruslat.com.br\/index.php\/membro\/debora-vitoria-do-amaral-vidal\/#primaryimage","url":"https:\/\/ruslat.com.br\/wp-content\/uploads\/2026\/03\/debora-vidal.jpeg","contentUrl":"https:\/\/ruslat.com.br\/wp-content\/uploads\/2026\/03\/debora-vidal.jpeg","width":1015,"height":761},{"@type":"BreadcrumbList","@id":"https:\/\/ruslat.com.br\/index.php\/membro\/debora-vitoria-do-amaral-vidal\/#breadcrumb","itemListElement":[{"@type":"ListItem","position":1,"name":"Início","item":"https:\/\/ruslat.com.br\/"},{"@type":"ListItem","position":2,"name":"Débora Vitória do Amaral Vidal"}]},{"@type":"WebSite","@id":"https:\/\/ruslat.com.br\/#website","url":"https:\/\/ruslat.com.br\/","name":"Observatório Rússia-América Latina","description":"","potentialAction":[{"@type":"SearchAction","target":{"@type":"EntryPoint","urlTemplate":"https:\/\/ruslat.com.br\/?s={search_term_string}"},"query-input":{"@type":"PropertyValueSpecification","valueRequired":true,"valueName":"search_term_string"}}],"inLanguage":"pt-BR"}]}</script>
<!-- / Yoast SEO plugin. -->

Débora Vitória do Amaral Vidal - Observatório Rússia-América Latina

Débora Vitória do Amaral Vidal é graduanda de Relações Internacionais pela PUC-Minas, atua comobolsista de iniciação científica do observatório RUS-LAT e como voluntária no projeto FIP:Contestação Normativa: a América Latina diante da crise da Ordem Internacional Liberal. Tambémfoi parte de projetos de extensão e pesquisa do CEFET-MG de 2022-2024, e atuou como voluntáriado projeto de [&hellip;]

Observatório Rússia-América Latina

Início
