{"id":13049,"date":"2026-03-17T10:30:18","date_gmt":"2026-03-17T13:30:18","guid":{"rendered":"https:\/\/ruslat.com.br\/index.php\/membro\/debora-vitoria-do-amaral-vidal\/"},"modified":"2026-03-17T10:39:34","modified_gmt":"2026-03-17T13:39:34","slug":"debora-vitoria-do-amaral-vidal","status":"publish","type":"membro","link":"https:\/\/ruslat.com.br\/en\/index.php\/membro\/debora-vitoria-do-amaral-vidal\/","title":{"rendered":"D\u00e9bora Vit\u00f3ria do Amaral Vidal"},"content":{"rendered":"\n<p>D\u00e9bora Vit\u00f3ria do Amaral Vidal is an undergraduate student in International Relations at PUC Minas. She is a research fellow in the Russia-Latin America Observatory (Ruslat) scientific initiation program. She also works as a volunteer in the FIP project: Normative Contestation: Latin America in the face of the crisis of the Liberal International Order. She was also involved in extension and research projects at CEFET-MG from 2022 to 2024 and served as a volunteer in UNICEF Brazil\u2019s volunteer program #tmjUNICEF in 2024. Her Lattes Curriculum can be found at: <a href=\"https:\/\/lattes.cnpq.br\/6875002653000589\">https:\/\/lattes.cnpq.br\/6875002653000589<\/a>.  <\/p>\n","protected":false},"featured_media":13046,"menu_order":30,"template":"","meta":{"_acf_changed":false,"_eb_attr":""},"class_list":["post-13049","membro","type-membro","status-publish","has-post-thumbnail","hentry"],"acf":[],"yoast_head":"<!-- This site is optimized with the Yoast SEO plugin v27.5 - https:\/\/yoast.com\/product\/yoast-seo-wordpress\/ -->\n<title>D\u00e9bora Vit\u00f3ria do Amaral Vidal - Observat\u00f3rio R\u00fassia-Am\u00e9rica Latina<\/title>\n<meta name=\"robots\" content=\"index, follow, max-snippet:-1, max-image-preview:large, max-video-preview:-1\" \/>\n<link rel=\"canonical\" href=\"https:\/\/ruslat.com.br\/en\/index.php\/membro\/debora-vitoria-do-amaral-vidal\/\" \/>\n<meta property=\"og:locale\" content=\"en_US\" \/>\n<meta property=\"og:type\" content=\"article\" \/>\n<meta property=\"og:title\" content=\"D\u00e9bora Vit\u00f3ria do Amaral Vidal - Observat\u00f3rio R\u00fassia-Am\u00e9rica Latina\" \/>\n<meta property=\"og:description\" content=\"D\u00e9bora Vit\u00f3ria do Amaral Vidal is an undergraduate student in International Relations at PUC Minas. She is a research fellow in the Russia-Latin America Observatory (Ruslat) scientific initiation program. She also works as a volunteer in the FIP project: Normative Contestation: Latin America in the face of the crisis of the Liberal International Order. She [&hellip;]\" \/>\n<meta property=\"og:url\" content=\"https:\/\/ruslat.com.br\/en\/index.php\/membro\/debora-vitoria-do-amaral-vidal\/\" \/>\n<meta property=\"og:site_name\" content=\"Observat\u00f3rio R\u00fassia-Am\u00e9rica Latina\" \/>\n<meta property=\"article:modified_time\" content=\"2026-03-17T13:39:34+00:00\" \/>\n<meta property=\"og:image\" content=\"https:\/\/ruslat.com.br\/wp-content\/uploads\/2026\/03\/debora-vidal.jpeg\" \/>\n\t<meta property=\"og:image:width\" content=\"1015\" \/>\n\t<meta property=\"og:image:height\" content=\"761\" \/>\n\t<meta property=\"og:image:type\" content=\"image\/jpeg\" \/>\n<meta name=\"twitter:card\" content=\"summary_large_image\" \/>\n<script type=\"application\/ld+json\" class=\"yoast-schema-graph\">{\"@context\":\"https:\\\/\\\/schema.org\",\"@graph\":[{\"@type\":\"WebPage\",\"@id\":\"https:\\\/\\\/ruslat.com.br\\\/en\\\/index.php\\\/membro\\\/debora-vitoria-do-amaral-vidal\\\/\",\"url\":\"https:\\\/\\\/ruslat.com.br\\\/en\\\/index.php\\\/membro\\\/debora-vitoria-do-amaral-vidal\\\/\",\"name\":\"D\u00e9bora Vit\u00f3ria do Amaral Vidal - Observat\u00f3rio R\u00fassia-Am\u00e9rica Latina\",\"isPartOf\":{\"@id\":\"https:\\\/\\\/ruslat.com.br\\\/#website\"},\"primaryImageOfPage\":{\"@id\":\"https:\\\/\\\/ruslat.com.br\\\/en\\\/index.php\\\/membro\\\/debora-vitoria-do-amaral-vidal\\\/#primaryimage\"},\"image\":{\"@id\":\"https:\\\/\\\/ruslat.com.br\\\/en\\\/index.php\\\/membro\\\/debora-vitoria-do-amaral-vidal\\\/#primaryimage\"},\"thumbnailUrl\":\"https:\\\/\\\/ruslat.com.br\\\/wp-content\\\/uploads\\\/2026\\\/03\\\/debora-vidal.jpeg\",\"datePublished\":\"2026-03-17T13:30:18+00:00\",\"dateModified\":\"2026-03-17T13:39:34+00:00\",\"breadcrumb\":{\"@id\":\"https:\\\/\\\/ruslat.com.br\\\/en\\\/index.php\\\/membro\\\/debora-vitoria-do-amaral-vidal\\\/#breadcrumb\"},\"inLanguage\":\"en-US\",\"potentialAction\":[{\"@type\":\"ReadAction\",\"target\":[\"https:\\\/\\\/ruslat.com.br\\\/en\\\/index.php\\\/membro\\\/debora-vitoria-do-amaral-vidal\\\/\"]}]},{\"@type\":\"ImageObject\",\"inLanguage\":\"en-US\",\"@id\":\"https:\\\/\\\/ruslat.com.br\\\/en\\\/index.php\\\/membro\\\/debora-vitoria-do-amaral-vidal\\\/#primaryimage\",\"url\":\"https:\\\/\\\/ruslat.com.br\\\/wp-content\\\/uploads\\\/2026\\\/03\\\/debora-vidal.jpeg\",\"contentUrl\":\"https:\\\/\\\/ruslat.com.br\\\/wp-content\\\/uploads\\\/2026\\\/03\\\/debora-vidal.jpeg\",\"width\":1015,\"height\":761},{\"@type\":\"BreadcrumbList\",\"@id\":\"https:\\\/\\\/ruslat.com.br\\\/en\\\/index.php\\\/membro\\\/debora-vitoria-do-amaral-vidal\\\/#breadcrumb\",\"itemListElement\":[{\"@type\":\"ListItem\",\"position\":1,\"name\":\"In\u00edcio\",\"item\":\"https:\\\/\\\/ruslat.com.br\\\/en\\\/\"},{\"@type\":\"ListItem\",\"position\":2,\"name\":\"D\u00e9bora Vit\u00f3ria do Amaral Vidal\"}]},{\"@type\":\"WebSite\",\"@id\":\"https:\\\/\\\/ruslat.com.br\\\/#website\",\"url\":\"https:\\\/\\\/ruslat.com.br\\\/\",\"name\":\"Observat\u00f3rio R\u00fassia-Am\u00e9rica Latina\",\"description\":\"\",\"potentialAction\":[{\"@type\":\"SearchAction\",\"target\":{\"@type\":\"EntryPoint\",\"urlTemplate\":\"https:\\\/\\\/ruslat.com.br\\\/?s={search_term_string}\"},\"query-input\":{\"@type\":\"PropertyValueSpecification\",\"valueRequired\":true,\"valueName\":\"search_term_string\"}}],\"inLanguage\":\"en-US\"}]}<\/script>\n<!-- \/ Yoast SEO plugin. -->","yoast_head_json":{"title":"D\u00e9bora Vit\u00f3ria do Amaral Vidal - Observat\u00f3rio R\u00fassia-Am\u00e9rica Latina","robots":{"index":"index","follow":"follow","max-snippet":"max-snippet:-1","max-image-preview":"max-image-preview:large","max-video-preview":"max-video-preview:-1"},"canonical":"https:\/\/ruslat.com.br\/en\/index.php\/membro\/debora-vitoria-do-amaral-vidal\/","og_locale":"en_US","og_type":"article","og_title":"D\u00e9bora Vit\u00f3ria do Amaral Vidal - Observat\u00f3rio R\u00fassia-Am\u00e9rica Latina","og_description":"D\u00e9bora Vit\u00f3ria do Amaral Vidal is an undergraduate student in International Relations at PUC Minas. She is a research fellow in the Russia-Latin America Observatory (Ruslat) scientific initiation program. She also works as a volunteer in the FIP project: Normative Contestation: Latin America in the face of the crisis of the Liberal International Order. She [&hellip;]","og_url":"https:\/\/ruslat.com.br\/en\/index.php\/membro\/debora-vitoria-do-amaral-vidal\/","og_site_name":"Observat\u00f3rio R\u00fassia-Am\u00e9rica Latina","article_modified_time":"2026-03-17T13:39:34+00:00","og_image":[{"width":1015,"height":761,"url":"https:\/\/ruslat.com.br\/wp-content\/uploads\/2026\/03\/debora-vidal.jpeg","type":"image\/jpeg"}],"twitter_card":"summary_large_image","schema":{"@context":"https:\/\/schema.org","@graph":[{"@type":"WebPage","@id":"https:\/\/ruslat.com.br\/en\/index.php\/membro\/debora-vitoria-do-amaral-vidal\/","url":"https:\/\/ruslat.com.br\/en\/index.php\/membro\/debora-vitoria-do-amaral-vidal\/","name":"D\u00e9bora Vit\u00f3ria do Amaral Vidal - Observat\u00f3rio R\u00fassia-Am\u00e9rica Latina","isPartOf":{"@id":"https:\/\/ruslat.com.br\/#website"},"primaryImageOfPage":{"@id":"https:\/\/ruslat.com.br\/en\/index.php\/membro\/debora-vitoria-do-amaral-vidal\/#primaryimage"},"image":{"@id":"https:\/\/ruslat.com.br\/en\/index.php\/membro\/debora-vitoria-do-amaral-vidal\/#primaryimage"},"thumbnailUrl":"https:\/\/ruslat.com.br\/wp-content\/uploads\/2026\/03\/debora-vidal.jpeg","datePublished":"2026-03-17T13:30:18+00:00","dateModified":"2026-03-17T13:39:34+00:00","breadcrumb":{"@id":"https:\/\/ruslat.com.br\/en\/index.php\/membro\/debora-vitoria-do-amaral-vidal\/#breadcrumb"},"inLanguage":"en-US","potentialAction":[{"@type":"ReadAction","target":["https:\/\/ruslat.com.br\/en\/index.php\/membro\/debora-vitoria-do-amaral-vidal\/"]}]},{"@type":"ImageObject","inLanguage":"en-US","@id":"https:\/\/ruslat.com.br\/en\/index.php\/membro\/debora-vitoria-do-amaral-vidal\/#primaryimage","url":"https:\/\/ruslat.com.br\/wp-content\/uploads\/2026\/03\/debora-vidal.jpeg","contentUrl":"https:\/\/ruslat.com.br\/wp-content\/uploads\/2026\/03\/debora-vidal.jpeg","width":1015,"height":761},{"@type":"BreadcrumbList","@id":"https:\/\/ruslat.com.br\/en\/index.php\/membro\/debora-vitoria-do-amaral-vidal\/#breadcrumb","itemListElement":[{"@type":"ListItem","position":1,"name":"In\u00edcio","item":"https:\/\/ruslat.com.br\/en\/"},{"@type":"ListItem","position":2,"name":"D\u00e9bora Vit\u00f3ria do Amaral Vidal"}]},{"@type":"WebSite","@id":"https:\/\/ruslat.com.br\/#website","url":"https:\/\/ruslat.com.br\/","name":"Observat\u00f3rio R\u00fassia-Am\u00e9rica Latina","description":"","potentialAction":[{"@type":"SearchAction","target":{"@type":"EntryPoint","urlTemplate":"https:\/\/ruslat.com.br\/?s={search_term_string}"},"query-input":{"@type":"PropertyValueSpecification","valueRequired":true,"valueName":"search_term_string"}}],"inLanguage":"en-US"}]}},"jetpack_sharing_enabled":true,"_links":{"self":[{"href":"https:\/\/ruslat.com.br\/en\/index.php\/wp-json\/wp\/v2\/membro\/13049","targetHints":{"allow":["GET"]}}],"collection":[{"href":"https:\/\/ruslat.com.br\/en\/index.php\/wp-json\/wp\/v2\/membro"}],"about":[{"href":"https:\/\/ruslat.com.br\/en\/index.php\/wp-json\/wp\/v2\/types\/membro"}],"wp:featuredmedia":[{"embeddable":true,"href":"https:\/\/ruslat.com.br\/en\/index.php\/wp-json\/wp\/v2\/media\/13046"}],"wp:attachment":[{"href":"https:\/\/ruslat.com.br\/en\/index.php\/wp-json\/wp\/v2\/media?parent=13049"}],"curies":[{"name":"wp","href":"https:\/\/api.w.org\/{rel}","templated":true}]}}

Débora Vitória do Amaral Vidal

<p>Débora Vitória do Amaral Vidal is an undergraduate student in International Relations at PUC Minas. She is a research fellow in the Russia-Latin America Observatory (Ruslat) scientific initiation program. She also works as a volunteer in the FIP project: Normative Contestation: Latin America in the face of the crisis of the Liberal International Order. She was also involved in extension and research projects at CEFET-MG from 2022 to 2024 and served as a volunteer in UNICEF Brazil’s volunteer program #tmjUNICEF in 2024. Her Lattes Curriculum can be found at: <a href="https://lattes.cnpq.br/6875002653000589">https://lattes.cnpq.br/6875002653000589</a>.  </p>

<!-- This site is optimized with the Yoast SEO plugin v27.5 - https://yoast.com/product/yoast-seo-wordpress/ -->
<title>Débora Vitória do Amaral Vidal - Observatório Rússia-América Latina</title>
<meta name="robots" content="index, follow, max-snippet:-1, max-image-preview:large, max-video-preview:-1" />
<link rel="canonical" href="https://ruslat.com.br/en/index.php/membro/debora-vitoria-do-amaral-vidal/" />
<meta property="og:locale" content="en_US" />
<meta property="og:type" content="article" />
<meta property="og:title" content="Débora Vitória do Amaral Vidal - Observatório Rússia-América Latina" />
<meta property="og:description" content="Débora Vitória do Amaral Vidal is an undergraduate student in International Relations at PUC Minas. She is a research fellow in the Russia-Latin America Observatory (Ruslat) scientific initiation program. She also works as a volunteer in the FIP project: Normative Contestation: Latin America in the face of the crisis of the Liberal International Order. She [&hellip;]" />
<meta property="og:url" content="https://ruslat.com.br/en/index.php/membro/debora-vitoria-do-amaral-vidal/" />
<meta property="og:site_name" content="Observatório Rússia-América Latina" />
<meta property="article:modified_time" content="2026-03-17T13:39:34+00:00" />
<meta property="og:image" content="https://ruslat.com.br/wp-content/uploads/2026/03/debora-vidal.jpeg" />
	<meta property="og:image:width" content="1015" />
	<meta property="og:image:height" content="761" />
	<meta property="og:image:type" content="image/jpeg" />
<meta name="twitter:card" content="summary_large_image" />
<script type="application/ld+json" class="yoast-schema-graph">{"@context":"https:\/\/schema.org","@graph":[{"@type":"WebPage","@id":"https:\/\/ruslat.com.br\/en\/index.php\/membro\/debora-vitoria-do-amaral-vidal\/","url":"https:\/\/ruslat.com.br\/en\/index.php\/membro\/debora-vitoria-do-amaral-vidal\/","name":"Débora Vitória do Amaral Vidal - Observatório Rússia-América Latina","isPartOf":{"@id":"https:\/\/ruslat.com.br\/#website"},"primaryImageOfPage":{"@id":"https:\/\/ruslat.com.br\/en\/index.php\/membro\/debora-vitoria-do-amaral-vidal\/#primaryimage"},"image":{"@id":"https:\/\/ruslat.com.br\/en\/index.php\/membro\/debora-vitoria-do-amaral-vidal\/#primaryimage"},"thumbnailUrl":"https:\/\/ruslat.com.br\/wp-content\/uploads\/2026\/03\/debora-vidal.jpeg","datePublished":"2026-03-17T13:30:18+00:00","dateModified":"2026-03-17T13:39:34+00:00","breadcrumb":{"@id":"https:\/\/ruslat.com.br\/en\/index.php\/membro\/debora-vitoria-do-amaral-vidal\/#breadcrumb"},"inLanguage":"en-US","potentialAction":[{"@type":"ReadAction","target":["https:\/\/ruslat.com.br\/en\/index.php\/membro\/debora-vitoria-do-amaral-vidal\/"]}]},{"@type":"ImageObject","inLanguage":"en-US","@id":"https:\/\/ruslat.com.br\/en\/index.php\/membro\/debora-vitoria-do-amaral-vidal\/#primaryimage","url":"https:\/\/ruslat.com.br\/wp-content\/uploads\/2026\/03\/debora-vidal.jpeg","contentUrl":"https:\/\/ruslat.com.br\/wp-content\/uploads\/2026\/03\/debora-vidal.jpeg","width":1015,"height":761},{"@type":"BreadcrumbList","@id":"https:\/\/ruslat.com.br\/en\/index.php\/membro\/debora-vitoria-do-amaral-vidal\/#breadcrumb","itemListElement":[{"@type":"ListItem","position":1,"name":"Início","item":"https:\/\/ruslat.com.br\/en\/"},{"@type":"ListItem","position":2,"name":"Débora Vitória do Amaral Vidal"}]},{"@type":"WebSite","@id":"https:\/\/ruslat.com.br\/#website","url":"https:\/\/ruslat.com.br\/","name":"Observatório Rússia-América Latina","description":"","potentialAction":[{"@type":"SearchAction","target":{"@type":"EntryPoint","urlTemplate":"https:\/\/ruslat.com.br\/?s={search_term_string}"},"query-input":{"@type":"PropertyValueSpecification","valueRequired":true,"valueName":"search_term_string"}}],"inLanguage":"en-US"}]}</script>
<!-- / Yoast SEO plugin. -->

Débora Vitória do Amaral Vidal - Observatório Rússia-América Latina

Débora Vitória do Amaral Vidal is an undergraduate student in International Relations at PUC Minas. She is a research fellow in the Russia-Latin America Observatory (Ruslat) scientific initiation program. She also works as a volunteer in the FIP project: Normative Contestation: Latin America in the face of the crisis of the Liberal International Order. She [&hellip;]

Observatório Rússia-América Latina

Início
